ond derivative of 3/2*x**2 + x - 1/12*x**4 + 0 - 5/6*x**3. What are the prime factors of i(-5)?
3
Suppose 29 = 3*d + 2*q - 6*q, -q = -3*d + 14. Suppose -6*x + 27 = -d*x. List the prime factors of x.
3
Let d be 1*(-2)/(-4)*6. Let l be 39/2*4/d. Let p = l - 14. What are the prime factors of p?
2, 3
Let n = -10 - -11. Let f be n/2*(0 - -2). Suppose 0 = -5*o + 2*d + 101, -o - f = 5*d - 5. What are the prime factors of o?
19
Suppose 3*h + 1 = 4. Let f(v) = 43*v. Let j be f(h). Suppose -2*o + j - 7 = 0. What are the prime factors of o?
2, 3
Suppose -2*n + 7 = -5. Let l = 10 - n. Suppose -l*j + 45 = 5*a, 6*j - 5*j = 0. List the prime factors of a.
3
Suppose -43 = -4*u + 41. List the prime factors of u.
3, 7
Suppose 0 = 3*y + 2*x - 339, -5*y + 565 = -0*x + 2*x. What are the prime factors of y?
113
Let m(a) = a**2 + 13*a + 10. What are the prime factors of m(-13)?
2, 5
Let p be 6/(-4) + 187/(-2). Let r = -61 - p. List the prime factors of r.
2, 17
Suppose -3*u - 2*c + 17 = -25, -3*c = -2*u + 15. Suppose -m = 1 - u. What are the prime factors of m?
11
What are the prime factors of 74*(1 + 5/2)?
7, 37
Let o(a) = -a**3 - 6*a**2 + 21*a - 7. What are the prime factors of o(-9)?
47
Let g be (-2)/8 + (-125)/(-20). List the prime factors of g/3*-1 + 7.
5
What are the prime factors of (0/(-5))/2 - -96?
2, 3
Let f(v) = -11*v - 6. Let o(j) = -12*j - 6. Let z(p) = 3*f(p) - 2*o(p). List the prime factors of z(-6).
2, 3
Let g = 4 - 0. Let j(x) = -x**3 + 3*x**2 + 5*x + 1. List the prime factors of j(g).
5
Let w = 525 + -371. Let p be 4/(-10) - w/(-35). Suppose q + p*d = 1, -q - 37 = -4*q + 5*d. What are the prime factors of q?
3
Let z = 13 + -8. Suppose -z*x - 54 = -7*x. What are the prime factors of x?
3
Let j = 560 + -237. List the prime factors of j.
17, 19
Let b(t) = -2*t + 2. Let y be b(-4). Let u be (-1 + 0)*(4 - 4). Suppose u = -5*q - 0*q + y. What are the prime factors of q?
2
Suppose n + 50 = 6*n. Suppose -a + 14 = -0*a + 4*r, 0 = 5*r + n. List the prime factors of a.
2, 11
Let r(s) = -26*s + 4. List the prime factors of r(-2).
2, 7
Let o(u) = u - 5. Let c be o(3). Let h = c - -20. What are the prime factors of h?
2, 3
Suppose 10*q - 567 = -47. List the prime factors of q.
2, 13
Suppose 3 = 3*k - 9. Suppose 3*g - w = 50, -k*w - w - 12 = -g. List the prime factors of g.
17
Suppose 11*l - 6*l = 395. What are the prime factors of l?
79
Suppose 66 = 3*v - 24. Let i = v + 10. List the prime factors of i.
2, 5
Let f(x) = -x**2 + x + 4. Let o be f(3). Let h = o + 2. List the prime factors of 5/(1 - h)*1.
5
Let m = 25 - 18. What are the prime factors of m?
7
Let v(z) = -z**3 - 2*z**2 + 3*z - 2. Let d be v(-3). Suppose 5*r - 24 = 3*r. List the prime factors of (1/d)/((-2)/r).
3
Let t(s) = -1. Let c(u) = 7*u - 3. Let h(f) = c(f) - 3*t(f). Let j(x) = 22*x. Let l(d) = -7*h(d) + 2*j(d). What are the prime factors of l(-1)?
5
Suppose 0*h - 5*i + 100 = 3*h, 5*h + 2*i = 173. What are the prime factors of h?
5, 7
Let n(w) = 6*w**2 + 2*w - 2. What are the prime factors of n(6)?
2, 113
What are the prime factors of 5/(-20) + 5/(-40)*-234?
29
Suppose 3*v = -3*n + 18, -15 - 5 = -5*v + 5*n. Suppose -g + v + 0 = 0. What are the prime factors of g?
5
Let w(i) = i**3 + 6*i**2 - 11*i - 10. List the prime factors of w(-7).
2, 3
Let z(i) = -11*i. Let l be z(-1). Let u(w) = -w**2 + 12*w - 6. Let q be u(l). Suppose -2*y + 20 = -3*y + q*t, -5*y = t - 30. List the prime factors of y.
5
Let q = -107 - -61. Let l = -14 - q. List the prime factors of l.
2
Let k be -1*466/(0 - 2). Suppose -k = -5*y + 267. What are the prime factors of (-6)/5*y/(-15)?
2
Let t(a) = 1. Let i(w) = w - 9. Let o(l) = -i(l) + 6*t(l). Let j be o(11). Suppose -j*x + 45 = x. What are the prime factors of x?
3
Suppose -5*q + 0 + 8 = 2*u, -3*u + 1 = 2*q. Let t = -1 + 1. Suppose t = v - 12 + q. List the prime factors of v.
2, 5
Let k = -302 - -427. What are the prime factors of k?
5
Let z(g) = -g**2 + 3*g + 3. Let o be z(4). List the prime factors of (-5)/10*(o + -7).
2
Suppose 4*w = -30 - 6. Let k be 3/w + (-2)/(-6). Suppose 0 = -k*i - i + 13. What are the prime factors of i?
13
Let l(j) be the first derivative of 2*j**3/3 - j**2/2 - 3*j - 4. What are the prime factors of l(3)?
2, 3
Suppose -2*y - 3*y = -85. What are the prime factors of y?
17
Let v(o) = o**2 - 2*o. Let u be v(1). What are the prime factors of 5 - (u - (3 + -1))?
2
What are the prime factors of (-4)/(-26) - 890/(-130)?
7
Suppose 0 = -0*x - 2*x + 58. Let b = -17 + x. List the prime factors of b.
2, 3
Let y be (-394)/(-26) + 2/(-13). Suppose -5*g + y = 0, -5*g + 53 = 4*v - 22. List the prime factors of v.
3, 5
Suppose -5*v + 145 = -55. Suppose -3*o + v = o. List the prime factors of 2/10 - (-18)/o.
2
Let h(o) = -3*o - 6. Let n(x) = -2*x - 6. Let s(f) = 3*h(f) - 4*n(f). Let u be s(3). Suppose -3*y = 8*z - 3*z - 30, 0 = u*z. What are the prime factors of y?
2, 5
Let h be ((-147)/(-14))/((-1)/2). Let p = h - -49. What are the prime factors of p?
2, 7
Let p(o) = o**3 - 5*o**2 + o - 5. Let u be p(5). Suppose -2*w - 10 = -3*s - u*s, -3 = -s + w. Suppose -5*g + s*g + 12 = 0. What are the prime factors of g?
2, 3
Suppose 0 = 3*h - 12. Suppose -2*a = -n - 7, 3*n - 3*a + h*a = 14. List the prime factors of -1 + 10 - (2 - n).
2, 5
Suppose -348 = -4*z + 112. List the prime factors of z.
5, 23
Suppose -5*k + 2*s - 3*s = -112, 3*k - 3*s - 78 = 0. Let f = -8 + k. List the prime factors of f.
3, 5
Let y(o) = -3*o + 1. Suppose 4*n - 3 = 5. Suppose -n = 2*d - d. What are the prime factors of y(d)?
7
Let w(b) = -b + 19. What are the prime factors of w(-12)?
31
Let r(q) = -q - 1. Let i(p) = 4*p + 7. Let n(o) = o**3 - 7*o**2 - o - 8. Let a be n(7). Let c(g) = a*r(g) - 3*i(g). List the prime factors of c(4).
2, 3
Suppose 2*p = 1 - 15. List the prime factors of p/(-1) - (0 + 1).
2, 3
Suppose -4*d + 20 = 4*n, 23 = d + 4*n + 9. Suppose -8 + 56 = d*p. List the prime factors of p.
2, 3
Let y(j) = j**2 - 1. Let a be y(1). List the prime factors of 11 - (a + 2)/2.
2, 5
Suppose 0*r = 4*r + 4. Let h(g) be the first derivative of 13*g**3/3 + g**2/2 + 2. List the prime factors of h(r).
2, 3
Suppose 3*w = 8 - 14. What are the prime factors of w/(-4) - 39/(-2)?
2, 5
Let g(z) be the third derivative of 13/24*z**4 - 3*z**2 + 0*z - 7/3*z**3 - 1/60*z**5 + 0. List the prime factors of g(10).
2
Let u be 58/3 - (-2)/3. Let v be (-90)/27*(-3)/2. Suppose 3*z - 8*z = -5*g + u, -5*z = v*g - 50. What are the prime factors of g?
7
Suppose -1 = -s + 2*z - 2, -11 = -5*s + 2*z. Suppose 0 = t + s*t. Suppose 2*r + 2 - 26 = t. List the prime factors of r.
2, 3
Let b = 1 - 0. Suppose -4*p + b + 19 = -3*i, -5*i = -3*p + 4. List the prime factors of p.
2
Let s(l) = l + 3*l + 5 + 2*l - 5*l + l**2. Let b be s(0). Suppose x = b*t - x - 60, t = -5*x + 12. List the prime factors of t.
2, 3
Let j = -75 + 48. Suppose 3*u + 90 = -2*u. Let d = u - j. What are the prime factors of d?
3
Suppose -16 = 2*x - 6*x. Let t(p) = p**3 - 5*p**2 + 5*p - 6. Let d be t(x). What are the prime factors of (-1)/2 + (-11)/d?
5
Let m = 20 + 3. List the prime factors of m.
23
Suppose 3*g + 5*r = 49 + 47, -3*r - 83 = -2*g. What are the prime factors of g?
37
List the prime factors of (-4)/(-20) - (-338)/10.
2, 17
List the prime factors of (-8 + (-90)/(-12))/(2/(-428)).
107
Suppose -4 = -4*b - 0. List the prime factors of 6 + -3 - (b - 14).
2
Let i(s) = -12*s - 1. Let b be i(2). Let o = -16 - b. List the prime factors of o.
3
Let v(h) = -h. Let r(l) = -4 + 5 - 2*l - 3. Let y(q) = -r(q) + 3*v(q). What are the prime factors of y(-6)?
2
Suppose -5*k + 4 = -1. Suppose -n = -12 + k. What are the prime factors of n?
11
Let t = 110 - 103. List the prime factors of t.
7
Suppose 2*l = -3*p + 24, 3*l - 15 = -p - 0*p. Let z = p - 3. Let a(h) = h**2. List the prime factors of a(z).
3
Let i(t) = 3*t - 5. Suppose -s + 10 = b - 3*b, 4*s - b = 5. Suppose -2*m - y = -7, m = -y + 3 - s. List the prime factors of i(m).
7
Let i = 61 + -29. Let k = 19 - i. Let b = 0 - k. What are the prime factors of b?
13
Suppose 5 = 2*p - 1. Suppose 0 = 4*i + 2*j - 36, 2*j + 0*j + 4 = 0. Suppose -p*a + i = 3*d - 20, -4*d + 25 = -a. List the prime factors of d.
7
Suppose 230 = a - c - 61, 3*a - 905 = -5*c. List the prime factors of a.
5, 59
Let d(w) = 6*w - 11. What are the p